2)))?
9
5 + -6 + 4 + -12 - (-7 - -5)
-7
What is the value of 7 + (-3 - -11 - 9) + -1?
5
(1 + -2 + -9 - 2) + (-6 - -9)
-9
Evaluate -3 + -7 + (-13 - (-3 + 2)).
-22
What is the value of -3 + -1 - (161 - 180)?
15
What is the value of 19 + (19 - (15 - -7))?
16
What is -6 - ((12 - 19) + (2 - -10))?
-11
What is 1 - 9 - (-3 - 3 - 9)?
7
What is the value of -16 + (13 + -29 - 10 - -15)?
-27
What is the value of -1 + (-11 - (-7 - 5 - -5))?
-5
-1 + 4 - 4 - -9 - (23 - 27)
12
What is 41 + -14 + (3 - 0) + -5 + -5?
20
What is 4 - -1 - (-6 + 1 + -1 - -3)?
8
What is 0 - ((2 - 18 - -27) + -12)?
1
6 - (18 + 6 + -9 - -1)
-10
What is 20 - 21 - (3 - 1 - 1) - 4?
-6
(-6 - -5) + 9 - (-1 + -2) - 0
11
Evaluate -3 + (7 - 9 - (7 + -2 + -1)).
-9
Evaluate -6 + (6 + 1 - -1).
2
Calculate -6 + -2 - (-7 - -16).
-17
Calculate 0 - (-11 + 13) - -4 - (1 - 12).
13
What is 0 + (-4 - 2 - (13 + -26))?
7
Evaluate -3 + (5 - (0 - (-5 - -5))).
2
What is the value of -371 - -412 - (50 - 0)?
-9
What is the value of 3 + 1 - (34 + (-9 - 19))?
-2
-2 + 0 + 14 + (41 - 12) + -23
18
Calculate (3 - 3 - 6) + (20 - 5).
9
271 + -263 + 1 + -2 + 1 + -8
0
78 + (1 - 23) + -31
25
What is the value of (10 - 0) + (-94 + 97 - (9 - 1))?
5
Calculate -116 + 92 + (-10 - -3) + 6 + -1.
-26
Calculate -3 + (-5 - -2) - (4 + -8).
-2
19 - ((10 - 1) + 3)
7
What is the value of -2 + 5 + -19 - 4?
-20
What is the value of 5 - -21 - (15 - (7 - -4))?
22
Calculate -21 + 37 - (0 + -15 + -11 + 17).
25
Calculate 13 + (-2 - (-7 + 19)) - 20.
-21
-10 + (-11 - -30) + -31
-22
Calculate (-18 - 5) + 109 + -82.
4
Calculate (1 - 0) + (-20 - -13) + 0.
-6
(-8 - (-2 + -5)) + (-19 - -6)
-14
Calculate -7 - (-7 + -1 - -15 - (24 - -4)).
14
What is 5 - (46 - (53 + -19))?
-7
What is -22 + -11 + 23 + 41?
31
Calculate -8 + 3 + (21 - 13).
3
What is (-5 + 10 - 12) + (5 - (5 - 3))?
-4
What is the value of -8 + -6 - ((-4 - 3) + 3 - -6)?
-16
Evaluate -5 + (-40 - -30) + (3 - -17).
5
2 + 5 + 20 - 20
7
What is the value of 1 - (10 + 0) - (-93 - -51 - -39)?
-6
(-32 - -52) + -14 - (-9 + 0 + -1)
16
Evaluate 18 + (8 - 4 - 6) + -2.
14
Evaluate -1 - (3 - -3 - (5 + -7)).
-9
Evaluate (1 + 3 - (-3 - -2 - -8)) + 1.
-2
Evaluate -20 + 22 + 6 + -24.
-16
Evaluate (-7 - -18) + -4 + -13.
-6
What is the value of 20 - -21 - 24 - (-7 - -2)?
22
Calculate (-21 - -29) + (-2 - 6).
0
What is 0 + (25 - 1) + -745 + 748?
27
What is the value of 14 + 1 - (-14 - -17)?
12
Calculate -2 - -19 - (16 + (10 - (17 - -4))).
12
What is (121 - 116 - (-3 - -1)) + -13?
-6
What is -3 - (22 + -3 - ((8 - 2) + 4))?
-12
What is the value of 6 + 1 + 6 + -128 + 84?
-31
Evaluate 17 + (0 - (-9 + 12)).
14
What is (-1 - -3 - 4 - (-11 + 12)) + -1?
-4
Calculate -46 + 38 + 16 + 2.
10
Calculate (7 - 13) + 3 + -3 - (2 + -9).
1
(45 - 44) + (-3 - (2 + -14))
10
What is 15 - 1 - (5 + -12 + -2)?
23
(9 - 8) + (-2 - (-8 + 16)) + 24
15
What is 51 + (36 - 29) - 34?
24
What is (20 - 42) + -4 + 12 + 0?
-14
1 + 0 - (-24 + 4 - (-110 - -70))
-19
16 + (-20 - -10) + -5
1
(0 - 24) + (24 - 15) + -9 + -3
-27
What is the value of 16 + -16 + 1 - (1 - 15)?
15
Evaluate 37 - 13 - 2 - (0 + 10).
12
(-2 - -2) + 6 + (-14 - -14)
6
What is the value of (-3 - (0 + -1 - (27 + -28))) + 14?
11
Evaluate -1 - -4 - (1 - -1 - (16 - 7)).
10
Calculate -9 + 20 + -14 - (0 + -4).
1
Calculate -104 + 88 - (-1 + 1 + 0).
-16
Evaluate -6 + (11 - 28) + 8 + 36.
21
What is 5 + (-2 - -7) + -43 - (2 + -4)?
-31
What is (3 + 6 + -6 + -8 - -7) + 22?
24
What is 10 + -6 + 8 - (-4 - 0)?
16
Evaluate 18 + (30 - 17 - 48) + -15.
-32
Evaluate (-5 + -7 - -5 - 0) + (-2 - 2).
-11
Evaluate (-26 + -18 - -30) + (2 - -8).
-4
(9 - -18) + (-5 - (7 + -32 + 13))
34
What is the value of -26 - (-1 + -31 + 38)?
-32
Evaluate ((1 - (-5 + 4)) + -12 - -4) + -3.
-9
Evaluate 28 + (8 - 21) + 1.
16
-37 - -6 - (-44 - -21)
-8
-17 + 6 + -5 - 0
-16
What is (11 - (63 + -10 + -10)) + 13?
-19
What is -19 + 22 + (-6 - -33)?
30
What is 20 + -49 + 6 + 12?
-11
Calculate -306 + 314 + (2 - -14).
24
What is (1 + -13 + 7 - (-3 - 2)) + -8?
-8
Calculate -8 - (2 + 6 - (-16 + 24)).
-8
Calculate 0 - 0 - (-5 + 1 + -4 + 3).
5
Evaluate -3 + (5 + 0 - (-19 + 14 - -18)).
-11
Calculate -1 - (-9 + (-7 - -1) - (-8 - -3)).
9
Calculate (-13 - -10 - (13 - 1)) + 7 + 3.
-5
What is 5 + (-12 - (-15 + 9)) + 12?
11
(-19 - -7) + -96 + 89
-19
What is the value of (28 + -21 - 8) + (-3 - 0) + 6?
2
What is (-7 + 0 - -9 - -6) + -19?
-11
Calculate 1 - 1 - (-6 - (-10 - -10)).
6
Calculate 6 + (-2 - -3) + -6 + 1 - 1.
1
What is 8 + 1 + -5 - (-5 + 22 + -23)?
10
-215 + 209 - (5 - (3 + -1))
-9
Evaluate 8 + 24 + (1 + -5 + -3 - 0).
25
What is 31 - (82 - 93 - (-3 + -1)) - 0?
38
What is the value of (0 - -1) + -1 + 3 - (-795 - -780)?
18
Evaluate -32 + 1 - (-739 - -735).
-27
What is the value of -2 - (10 + -2 + -15) - 16?
-11
Evaluate -14 + (10 - (53 + -19)).
-38
Calculate (-323 - -337) + (-2 - 14).
-2
19 - 1 - (17 + (-6 - 7 - -3))
11
What is the value of (-610 - -618) + (0 - 8)?
0
Calculate 43 - ((12 - 12) + 27).
16
What is the value of 16 + (-14 + 0 - (59 + -64) - -11)?
18
Evaluate -2 - 1 - (0 + -1) - (871 - 890).
17
What is the value of -39 + 31 - (-12 - (-4 + (-2 - -4)))?
2
Calculate (9 - (26 + -12)) + 6.
1
Evaluate -18 + (17 - -14) + -50 + (0 - -8).
-29
2 - (-7 - -30) - 6
-27
What is (30 - 46) + -5 - -14?
-7
What is -14 + 0 + 3 + 2 + -5 + 8?
-6
What is the value of (3 - (4 - 8)) + -9 - -4?
2
What is the value of (13 - (5 + 0 - 8)) + (-40 - -39)?
15
What is the value of 45 + -17 + -2 + -49?
-23
25 + (-1 - (4 + -1 - (95 + -96)))
20
What is 7 - (-14 + (21 + -1 - 12))?
13
What is 14 + (-10 - (10 - -21))?
-27
-1 + -5 + (-16 - 6 - -14)
-14
What is 0 - (0 - (-2 - (-3 + 1)))?
0
Evaluate -29 - (-17 - (5 + -10)).
-17
(-14 - -2 - (-12 - -26)) + 8
-18
Calculate 6 - (-6 + 10 + 1 + 0 + 0).
1
What is (0 - (10 + -22 + 21)) + 9?
0
Calculate (-28 - -13) + -8 + (26 - 11).
-8
Evaluate -3 - (11 + -28) - -13 - 14.
13
What is 4 + (-6 - 13) - -11?
-4
-4 + 7 - 4 - 4 - (-64 + 53)
6
3 - (29 + (13 - 23))
-16
What is 1 - (35 - 5 - 32)?
3
Calculate 6 + (3 - 4) + -6 + 3 - 14.
-12
What is (3 + 46 - 22) + -15?
12
Evaluate (19 - 1) + ((10 - -2) + 7 - 29).
8
Calculate (-5 - -9 - (-6 + -2)) + -13.
-1
Evaluate 5 + (-6 - (6 + 1)) + (-5 - -11).
-2
-7 - (-4 + 5 - 6) - (3 - 2)
-3
What is (-22 - (5 + -16)) + (4 - -8)?
1
What is the value of 9 - (-21 + (58 - 10))?
-18
13 - ((0 - -4) + (-10 - -11))
8
Calculate 5 - (10 + (-14 - 8)).
17
Evaluate -5 - (3 - 5) - 10 - -2.
-11
-12 - (9 + -14 + -13)
6
-24 + -11 + -24 + 76
17
Calculate -4 - (-7 + 5 + -9 + -1).
8
Calculate (-3 + -11 - (-80 - -71)) + 26.
21
What is 0 - -6 - (-2 - -3) - (9 - -8)?
-12
What is 5 - (5 + (-4 - -8) + -1)?
-3
(43 + -4 - 5) + (15 - 22) - -10
37
What is the value of (59 - 29) + -50 + (3 - 2)?
-19
What is 9 + (-5 + 2 + -3 - 3)?
0
Evaluate 7 + (8 - 25 - 6).
-16
(-3 - -1) + (108 - 93) + (7 - 0)
20
Calculate (-76 - -33) + 22 + (-1 - -11).
-11
5 - (3 - -7 - 13 - -12)
-4
(-1 - -4 - 19) + 28 + 26
38
Evaluate -1 + 0 + (-163 - -165) - 6.
-5
Calculate 12 - (-10 + -13 + 31).
4
-1 + 1 + (0 - -40) - (19 - 10)
31
What is the value of 46 - (-5 + (3 - (10 + -30)))?
28
Calculate -14 + (-7 - -26) + (7 - -1) - 2.
11
Calculate 79 + -55 + (-18 - -2).
8
Calculate -5 - (4 + 8 - 14).
-3
Calculate -53 + (-23 - -52) - -28.
4
Evaluate (-1 + 1 - -7) + (-47 - -62) + -15.
7
What is the value of -8 + 25 + -17 + -2?
-2
((-6 - 5) + 1 - 5) + (-2 - 4)
-21
Evaluate 2 + -15 - (83 - 110).
14
Evaluate -308 + 303 + (-3 + 2 - -2) + -1.
-5
What is the value of 8 + (-6 - -13) + -6 + (-2 - -4)?
11
What is 26 + -33 + -8 + 2 + 0 + 2?
-11
-13 + 38 + -9 - (3 - -1)
12
What is -41 + 45 + (-1 - 9) + 9 - 4?
-1
Evaluate (-1 - 6 - (-16 - (-22 - -14))) + -11.
-10
What is the value of -53 + 59 + -7 + -4?
-5
Calculate 12 - (-19 + -6 - -31).
6
9 - (-29 - 3) - 22
19
Evaluate (-16 - (-21 + 9)) + 1 + 3.
0
What is (9 - 5) + 8 - 22?
-10
What is -2 - 1 - ((-29 - -21) + 13)?
-8
Evaluate -1 - -10 - (-34 + -17 - -67).
-7
Calculate 0 - ((6 - 0) + (-10 - (-9 - -12))).
7
3 + 8 + (-4 - (1 + 1))
5
728 + -650 - (0 - -43)
35
What is 2 + -20 - (6 + (3 - 11))?
-16
What is 9 - (4 - (3 - 17))?
-9
What is the value of 6 + (0 - 1) + -9 + 7 + -1?
2
Calculate -5 + -1 + -1 - (7 - 15).
1
Calculate 21 + -5 + -21 + 0 + 12.
7
What is the value of 18 + -59 + 28 + 5?
-8
What is the value of -12 + ((0 - (3 - -1)